-3*l, -p = -l. Suppose -2*n = -l*n + 36. What is the remainder when n is divided by 10?
8
Let n = 73 + -110. Suppose -9 + 61 = -2*y. Let q = y - n. Calculate the remainder when 32 is divided by q.
10
Let b(a) = -3*a + 40. Calculate the remainder when 71 is divided by b(5).
21
Let f(k) = -2*k**3 + 3*k**3 + 3*k - 3 - k - 6*k**2. Suppose 12*a - 127 = 77. Calculate the remainder when a is divided by f(6).
8
Let i = 7 - 3. What is the remainder when 13 is divided by i?
1
Let x = -38 - -55. Calculate the remainder when x is divided by 10.
7
Suppose -2*r + 20 = 2*v, 2*v = -0*r + 2*r. What is the remainder when 5 is divided by v?
0
What is the remainder when 46 is divided by 2/5 - (-240)/25?
6
Let m(w) = -w**2 + 8*w. Suppose 5*s = -4*b + 60, 2*b - 3*s - 6 = 46. What is the remainder when b is divided by m(7)?
6
Let n(u) = 19*u - 1. Let v be n(-1). Calculate the remainder when 35 is divided by v/25*15/(-1).
11
Let q(i) be the third derivative of i**5/60 - i**4/24 + i**3/3 - 2*i**2. What is the remainder when 4 is divided by q(0)?
0
Let b be (-8)/(-10)*(34 + 1). Let a(j) = -j**3 - 4*j**2 + 4*j. Let g be a(-4). Let v = b + g. What is the remainder when 45 is divided by v?
9
Let o(d) = 5*d**2 - d + 1. Calculate the remainder when 91 is divided by o(-2).
22
Let g be 2/4*(303 - 3). Suppose -2*r = 3*r - g. Suppose 4*w = -5*b + 39, 0*w + 5*w - 5*b - 105 = 0. Calculate the remainder when r is divided by w.
14
Let j = -4 + 6. Suppose -4*o + 10 - j = 0. Let c = -11 - -15. What is the remainder when c is divided by o?
0
Let i be -1 + -5 + 3 + 134. Let w be (2/(-2))/(1/81). Let o = i + w. Calculate the remainder when o is divided by 17.
16
Let s = 2 + 1. Suppose -s*f = f. Suppose 30 = 5*a - f*a. What is the remainder when 10 is divided by a?
4
Calculate the remainder when 6/((10/30)/((-40)/(-18))) is divided by (-2)/(0 - -2) + 15.
12
Suppose -5 = -p - 1. Suppose d = 17 - p. What is the remainder when 23 is divided by d?
10
Let w = 55 + -4. Suppose -2*i + 3*i - 29 = 0. Let m = w - i. What is the remainder when m is divided by 8?
6
Calculate the remainder when 1/((-505)/700 - (-3)/4) is divided by 26.
9
Let j be 2/8 + (-77)/(-28). Suppose 0 = -j*t + t + 22. What is the remainder when 21 is divided by t?
10
Suppose 0 = 4*f - f - 36. Calculate the remainder when 46 is divided by f.
10
Suppose -18 - 30 = -4*m. Suppose -2*x = -x - m. Suppose 3*h + 127 = 5*q, 0*h = -5*q + 5*h + 135. What is the remainder when q is divided by x?
11
Suppose -5*u + 4*y + 69 = y, 2*y = -5*u + 79. What is the remainder when 29 is divided by u?
14
Suppose 5*t - 10 = -5*a, 4*a + t + 2*t - 7 = 0. Let u(p) = 3*p**3. Let f be u(1). Suppose f*s - 4*s = -2. What is the remainder when s is divided by a?
0
Suppose -3*d = -4*d + 3*a + 2, -4*a = -3*d + 6. Suppose -d*g = -5*g + 66. What is the remainder when g is divided by 6?
4
Let t = -17 - -30. Let a be (-1)/(-4) + (-331)/(-4). Suppose 3*k - 3*q = -2*q + 71, -3*k = 2*q - a. What is the remainder when k is divided by t?
12
Let d(z) = 23*z + 4. What is the remainder when d(3) is divided by 19?
16
Suppose -3*o + 0*o + 45 = 0. Suppose -4*k + 0*k + 116 = 0. Calculate the remainder when k is divided by ((-4)/(-6))/(1/o).
9
Let w = -63 + 81. What is the remainder when 53 is divided by w?
17
Calculate the remainder when 1*-4 - 1/((-3)/102) is divided by 26.
4
Let x(l) = l**3 + 6*l**2 - 5*l - 3. Calculate the remainder when x(-6) is divided by 91/(-26)*-1*4.
13
Suppose 3*l + 5*i = 40, 3*l - 3*i - 2*i = 20. What is the remainder when 19 is divided by l?
9
Let u = 6 + -2. Let c(j) = 2*j - 3 - 1 + j**2 - 3*j. What is the remainder when u is divided by c(3)?
0
Suppose 6*o - 4*o - 28 = 0. Calculate the remainder when 194 is divided by o.
12
Suppose 2*a - 18 = 10. Suppose -9 = j - 5*k - 2, 0 = 5*j + 5*k - 25. Suppose 5 = q - j. Calculate the remainder when a is divided by q.
6
Let m(t) = -7*t - 6. Suppose -o - l - 12 = -6*l, 15 = 3*l. What is the remainder when m(-8) is divided by o?
11
Let b(o) = -o**2 + 5*o + 8. Let l(v) = -v**2 - 5*v + 2. What is the remainder when l(-5) is divided by b(6)?
0
Let g be (-3)/12 + (-2)/(-8). Suppose -p + 55 - 8 = g. Let w(u) = 16*u**2 + u - 1. Calculate the remainder when p is divided by w(1).
15
Let f = -96 + 63. Let x = f - -64. Calculate the remainder when x is divided by 11.
9
Let o = -213 - -298. What is the remainder when o is divided by 43?
42
Let k(x) = -x**3 - 4*x**2 + 5*x + 6. Let o = 1 + 2. What is the remainder when k(-5) is divided by o?
0
Let i(k) = -16*k**3 - k - 1. What is the remainder when 29 is divided by i(-1)?
13
Suppose 17*r - 54 = 14*r. What is the remainder when 52 is divided by r?
16
Let q = -17 - -27. Let s be (-324)/3 - 1 - 3. What is the remainder when (s/q)/(3/(-15)) is divided by 19?
18
Let m(x) = 4*x + 3. What is the remainder when m(9) is divided by 14?
11
Calculate the remainder when (-6)/(-9)*(-702)/(-12) is divided by 14.
11
Let g = 0 + 8. Suppose 0 = -3*n + 7*n - g. Suppose -n*r = d - 17, -d + 11 = 2*d - 2*r. What is the remainder when 12 is divided by d?
5
Let u = 3 - 3. Suppose 0 = -4*v + 4*x + 40, 30 = v + 3*x - u*x. What is the remainder when 43 is divided by v?
13
Let v = 52 + -31. Calculate the remainder when 60 is divided by v.
18
Let m = 20 + -15. What is the remainder when 12 is divided by m?
2
Let x(y) = 9*y**2 + 2*y + 1. Let l be x(-1). Suppose l*d - 2*d = 48. What is the remainder when -2 + (2 - 1) + 15 is divided by d?
6
Let k be 25/(-10)*(-8)/(-10). Let t(x) = 10*x**2 + 4*x + 2. Calculate the remainder when t(k) is divided by 12.
10
Let y = -12 + 21. Calculate the remainder when y is divided by 6.
3
Suppose 0 = -4*z + 227 + 245. Calculate the remainder when z is divided by 30.
28
Let t(m) = m**2 + 10*m. Let q be t(-7). What is the remainder when 331/7 + 6/q is divided by (-2)/(17/(-8) + 2)?
15
What is the remainder when 24*(-3)/(-6) + 3 is divided by 8?
7
Suppose -3*z - 5*b + 26 = z, 0 = b + 2. Calculate the remainder when z is divided by 5.
4
Suppose -4*u + 88 = 5*c - u, 3*u + 48 = 3*c. What is the remainder when 67 is divided by c?
16
Suppose -31*k = -425 + 84. Let p = -5 - -48. What is the remainder when p is divided by k?
10
Let y = 87 + -79. What is the remainder when 29 is divided by y?
5
Let b(t) = t**3 + t**2 - t. Let y be b(0). Suppose y = -3*l + 3*r - r + 18, 5*r + 17 = 4*l. Calculate the remainder when 30 is divided by l.
6
Let o(d) = -d**3 - 5*d**2 - 8*d - 4. Calculate the remainder when o(-3) is divided by 1.
0
Suppose -8 = -2*v - 2. Calculate the remainder when 21 is divided by (0/v - 1)*-6.
3
Let n = -146 + 229. Calculate the remainder when n is divided by 28.
27
Suppose -2*b = m - 14, 5*b - 4*m = 32 + 3. What is the remainder when ((-12)/(-10))/(1/10) is divided by b?
5
Let x = 25 - 4. Suppose 15*r - 14*r - 12 = 0. Calculate the remainder when x is divided by r.
9
Suppose 0*m = -6*m + 1008. Let n = -111 + m. Calculate the remainder when n is divided by 12.
9
Suppose -j + 5*j = -3*y + 79, -2*y + 22 = -5*j. What is the remainder when 41 is divided by y?
20
Let h = -43 + 6. Let v = h + 61. Calculate the remainder when v is divided by 13.
11
Suppose -6*o + 2*o + 169 = 3*x, -5*o - 4*x + 211 = 0. Calculate the remainder when o is divided by 9.
7
Suppose 0*m + 86 = 3*m + 5*v, 3*m - 4*v - 50 = 0. What is the remainder when 43 is divided by m?
21
Let d(w) = w**3 - 2*w**2 - 9*w - 3. Calculate the remainder when 53 is divided by d(5).
26
Suppose 5*u - 32 + 12 = 0. What is the remainder when ((-13)/5 - -3) + 28/5 is divided by u?
2
Suppose 0*h - 88 = -4*h. Let u be (-6)/(3/(-6) + -1). Suppose 3*f = j - 48, -5*f = -u*j + 3*j + 52. What is the remainder when j is divided by h?
20
Let m(a) = a**3 + 4*a**2 - 6*a - 5. Let n(g) = 7*g**2 + 2*g - 3. Let o be n(2). Suppose -3*r - 8 = -o. Calculate the remainder when m(-4) is divided by r.
5
Let m(v) = -v + 0 - 3 - 3 + 5. Let r be m(-6). Suppose 2*s + 96 = r*s. Calculate the remainder when s is divided by 17.
15
Suppose 67 = 4*q - 25. Calculate the remainder when 89 is divided by q.
20
Suppose 0 = -2*t + 10, 3*w + 4*t - 148 = -w. Suppose -i + 16 + 1 = 0. Calculate the remainder when w is divided by i.
15
Suppose -5*c + 0*p = -5*p - 105, 0 = 4*p - 8. Let j be (-2)/(-3) + (-7)/(-3). Suppose 0 = j*a - a - 16. Calculate the remainder when